-2*q + 6533, 3*q = 5*y + 13744 - 3973. What is the tens digit of q?
6
Suppose -115*z + 529200 = 35*z. What is the hundreds digit of z?
5
Suppose 14*h = 8*h + 18. Let b(p) = p**2 - 6*p + 27. Let c(u) = 3*u**2 - 17*u + 82. Let m(l) = h*c(l) - 8*b(l). What is the hundreds digit of m(12)?
1
Suppose -5*o - 4*q = -44250, -37*q = 2*o - 42*q - 17667. What is the units digit of o?
6
Let a(k) = k**3 + 6*k**2 - 10*k - 17. Let w be a(-7). Suppose -9*i + w*i = -1935. Let u = i + -260. What is the hundreds digit of u?
1
Suppose -83*o = -16*o - 435232. What is the tens digit of o?
9
What is the thousands digit of (-12571702)/(-165) + 6 + 16/(-120)?
6
Let g = -49795 - -84362. What is the hundreds digit of g?
5
Let n be (-2)/(-4) + 66/(-12). Let a = -17 - n. What is the tens digit of a/(-5)*((-870)/(-18) - 5)?
0
Suppose 2*s + 0 = n - 4, 5*s = n - 16. Let i be 1/(-2)*(48/2 + s). What is the tens digit of 5/(i/132)*5/(-5)?
6
Let l(p) = 2*p**2 - 5*p**2 - p**2 + 5 + 3*p**2 + 4*p. Let y be l(4). What is the tens digit of 1014/21 - y/(105/6)?
4
Let a be (-2383)/(-7) - 6/14. Let w = a - 160. What is the units digit of w?
0
Let a(q) = 0*q**3 - 26 - 19*q**2 - 4*q**2 + 47 - 9*q - 2*q**3. Let p be a(-11). What is the tens digit of (2 + p)/(-2)*(-130 - 22)?
7
Let q(w) = -5*w**2 - 3*w + 17. Let j(p) = 21*p**2 + 11*p - 67. Let y(s) = -2*j(s) - 9*q(s). Let u be y(-8). Let h = -25 + u. What is the units digit of h?
8
Let b(c) = 4*c**2 - 7*c + 16. Let l(v) = v**2 - 1. Let t(k) = b(k) - 2*l(k). What is the hundreds digit of t(11)?
1
Suppose -198*o - 376569 + 4189535 - 357866 = 0. What is the units digit of o?
0
Suppose 2395*q + 6790 = 2402*q. Suppose 0 = l + 5*s - q, -21 = -5*s - 41. What is the tens digit of l?
9
What is the thousands digit of -5*33/(-2)*7056/60 - 1?
9
Suppose -22691 - 4788 = -5*d + 4*t, 5*t + 10978 = 2*d. What is the units digit of d?
9
Suppose -1 = -n, -4*c + 37*n = 32*n - 24223. What is the thousands digit of c?
6
Suppose 3*h = 4*d + 6943, 0 = -h - 6*d + 2*d + 2341. What is the hundreds digit of h?
3
Let v(b) = 23*b - 15. Let a(y) = 23*y - 15. Let m(o) = -6*a(o) + 7*v(o). Let x(s) = 22*s - 15. Let t(q) = 3*m(q) - 4*x(q). What is the hundreds digit of t(-7)?
1
Let m be -8 - -10 - (2 - (-6)/(-3)). What is the hundreds digit of (-1)/2*((-3044)/m - 4)?
7
Suppose d - 5*r - 9 = 0, -2*d - 27 = -d + 4*r. Let k(g) = -32*g - 33. Let t be k(d). Let b = t + -113. What is the hundreds digit of b?
2
What is the units digit of (((-18)/27)/((-2)/(-8753)))/((-10)/30)?
3
Let l(s) = -204*s - 1117. What is the units digit of l(-32)?
1
Let m(j) = 57*j**2 - 53*j + 387. What is the hundreds digit of m(10)?
5
Let s = 28835 - -20263. What is the ten thousands digit of s?
4
Suppose t + 5*j - 4248 = 0, j + 3530 + 9294 = 3*t. Suppose 7575 + t = 8*k. What is the units digit of k?
1
Let t = 7028 + 1199. What is the hundreds digit of t?
2
Let c(u) = 58*u**3 + 8*u**2 + 16*u - 248. What is the thousands digit of c(8)?
0
What is the tens digit of (40*16/(-256))/(2/(-50564))?
0
Let g(m) = -18 + 2*m**2 - 6*m + 2*m + 6*m. Suppose -318*w + 328*w = 70. What is the units digit of g(w)?
4
Let f be 25/(4/8*(-2 + 4)). Let z = f - 11. Suppose -z*c + 3*c + 616 = 0. What is the units digit of c?
6
Suppose 4*i - 23124 = -2*o, 21*i - 24*i + 17343 = -3*o. What is the hundreds digit of i?
7
Suppose 30*n - 33*n - 71454 = -4*s, -2*s + 35742 = -4*n. What is the thousands digit of s?
7
Suppose -36*k + 34*k + 12 = 0, -4*k - 26976 = -4*n. What is the thousands digit of n?
6
Suppose 63*m = -4*o + 57*m + 45062, 3*m = 5*o - 56380. What is the ten thousands digit of o?
1
Let h = -3840 - -10833. What is the units digit of h?
3
Let u be 272/44 - 2/11. Let s be (-3)/(-5) + (-6)/(-15) + u. Suppose 6*p - s*p + 114 = 0. What is the tens digit of p?
1
Let p(k) = 3881*k**2 - 14*k - 50. What is the ten thousands digit of p(-3)?
3
Let q = -31 - -38. Suppose q*u - 832 = -u. What is the units digit of u?
4
Suppose 16*m + 7*m + 23 = 0. What is the tens digit of 1 - (-204 - (m - 0/(-5)))?
0
Suppose 0 = -30*x + 103*x + 49*x - 1290638. What is the tens digit of x?
7
Let a(j) = 7*j**3 - 6*j**2 + 3 + 7*j**2 - j + 0*j**3. Let l be a(2). Let h = l + -17. What is the units digit of h?
4
Let q(i) = -5*i - 24. Let z be q(-12). Suppose z = -2*v - 2*v - 4*d, -3*v = -4*d - 1. Let a(j) = -17*j - 19. What is the units digit of a(v)?
6
Suppose 11*k + 4884 = 8*k. Let m = -951 - k. What is the units digit of m?
7
Suppose 20 = -4*y - y. Let r(z) = 7*z + 35. Let u(v) = -15*v - 70. Let c(j) = y*u(j) - 9*r(j). What is the tens digit of c(-20)?
2
Let k(p) = p**3 + 41*p**2 + 25*p - 145. What is the tens digit of k(-21)?
5
Suppose 23*l - 116684 - 5777 = 108252. What is the tens digit of l?
3
Let i = 35787 + -20762. What is the ten thousands digit of i?
1
What is the units digit of (46/(-4))/(-4 - 2748/(-688)) + -4?
4
Let b = -1558 - -4755. What is the hundreds digit of b?
1
Let x = -197 - -202. Suppose 413 = x*c - 642. What is the units digit of c?
1
What is the thousands digit of -9 - (156/130 - (-193256)/(-5))?
8
Let k = -53 - -53. Suppose k = -4*p + 6*p - 4. Suppose -425 = -p*r - 87. What is the units digit of r?
9
Let o(n) = 84*n**2 - n. Let y be (-4)/((-110)/25 - -4). Let w be (-4)/y + 6/(-10). What is the units digit of o(w)?
5
Suppose 141746 = -17*f + 895747. What is the units digit of f?
3
Let k = -7 - -83. Let l = -69 + k. Suppose -l*r = -2*r - 50. What is the tens digit of r?
1
Let p be 1/(-2)*(-477 + -13). Suppose 2*x = -2*l - 258, -5*x - 647 = 5*l - 2*l. Let q = p + x. What is the hundreds digit of q?
1
Let p(j) = -j. Let h be p(-5). Suppose -94 - 26 = -30*c. Suppose h*x - 645 = -c*k, 3*x - x + 2*k = 260. What is the units digit of x?
5
Suppose -y + 2 = -x, 0 = 5*y + 3*x + 2*x - 20. Suppose 2*r = 6*d - 2*d - 158, y = d. Let v = -1 - r. What is the tens digit of v?
7
Suppose 15*w - 15 = 14*w. Suppose 2*g + 4*c - 16 = 0, -3*c + 0*c = 3*g - w. Suppose i - 5*y = 125, 5*i - 3*y - 665 = g*y. What is the units digit of i?
5
Let y = 30421 - 16627. What is the hundreds digit of y?
7
What is the units digit of 1260/(-270)*(-39 + -3)?
6
Let w be (-8)/(4 - 6) + (-2)/(-2). Suppose -2*l + 4*l + g = 1228, -w*l + 3070 = 2*g. What is the hundreds digit of l?
6
Let i(l) = 20*l**2 - 1347*l - 10. What is the thousands digit of i(-6)?
8
Suppose 3*k = 6*u - 4*u, 0 = -2*u + k. Suppose u = -21*i - 2873 + 22046. What is the units digit of i?
3
Let t = -1209 + 1656. What is the tens digit of t?
4
Suppose 0 = 8*p - 61 + 37. Suppose p*s - 1596 = 2*q - 7*q, -2*s + 2*q + 1048 = 0. What is the tens digit of s?
2
Let d be 1/(-3 - 1786/(-596)). Let h be -5*(0 - (-294)/15). Let r = h - d. What is the hundreds digit of r?
2
Let k = 4 - -40. Suppose 4*p + 5*v = 64, -4*p - 3*v + k = -20. Suppose -623 = -p*x + 433. What is the units digit of x?
6
Let b = -11101 - -21803. What is the ten thousands digit of b?
1
Let k(s) = 78*s**2 + 47*s + 213. What is the tens digit of k(-10)?
4
Let p(j) = -j**3 - 2*j**2 + 16*j + 25. Let s be p(-11). Suppose 2*o = 2*x + 468, -s = -4*o - 3*x + 8*x. What is the units digit of o?
2
Suppose -3*w + 86552 = -6*y + 5*y, 5*w + 5*y = 144300. What is the tens digit of w?
5
Let d(a) = -a**3 + 4*a + 3. Suppose 69*p - 76*p - 14 = 0. What is the units digit of d(p)?
3
Let m = 705 + -709. Suppose -10 = 2*o + 3*v, -v - 2 + 10 = -5*o. What is the units digit of o/4 + (-286)/m?
1
Let v(m) be the second derivative of m**5/20 + 5*m**4/12 + 11*m**3/6 - 45*m**2/2 - 67*m. What is the thousands digit of v(11)?
2
Let h(a) = 4019*a - 205. What is the ten thousands digit of h(5)?
1
Let s = -28520 - -68607. What is the ten thousands digit of s?
4
Suppose 4 = 6*d - 4*d. Suppose 0 = -2*g - 4, -6*r - d*g - 894 = -r. Let w = -119 - r. What is the units digit of w?
9
Let l = -7090 - -14457. What is the tens digit of l?
6
Suppose -31661 + 1027 - 4619 = -9*v. What is the tens digit of v?
1
Let y = 489 - 295. Let h = -94 + y. Suppose g = -3*g + h. What is the units digit of g?
5
Let c be 3 - 1352/(-2) - (1 - 0). Let a = -591 + c. What is the tens digit of a?
8
Let x(t) = 5*t**3 + 24*t**2 + 27*t + 26. What is the hundreds digit of x(18)?
4
Let o be 12/((-12)/4) - -27. Let x(m) = o*m**2 + 3*m + m - 4*m - 4*m. What is the units digit of x(2)?
4
Let w = 242 + 1212. Let s = -186 + 